 + 21 + q. Calculate the remainder when 24 is divided by z.
10
Suppose 570 = 27*x + 354. What is the remainder when 22 is divided by x?
6
Calculate the remainder when ((-11)/22)/((-5)/8490) is divided by 25.
24
Let k be (4 + (-68)/(-3))*189/12. Suppose -6*v = 24 - k. What is the remainder when v is divided by 17?
15
Let o be (7 - (12 - 0)) + -4. Suppose -3*y + 39 = -2*y. Calculate the remainder when 17 is divided by y/(-65)*(o - 1).
5
Suppose 3*l - 5*v - 187 = -6, 188 = 4*l + 4*v. Let k = -385 + 394. What is the remainder when l is divided by k?
7
Calculate the remainder when 96/(-128)*656/(-6) is divided by 75.
7
Suppose 0 = 4*v - 22 - 38. Let l(o) = 4*o - 11. Calculate the remainder when v is divided by l(5).
6
Suppose 2*z = 5*v - 579, -86 + 218 = v + 5*z. Calculate the remainder when v is divided by 41.
35
Suppose -36*c + 823 = 31. Let m(d) = d**2 + 3*d + 1. Calculate the remainder when c is divided by m(-4).
2
Let f = 192 - -45. Suppose -b - n - 7 = -56, 3*n = -5*b + f. What is the remainder when b is divided by 24?
21
Suppose a + b - 27 = 0, -3*a = 6*b - 4*b - 82. Calculate the remainder when 502 is divided by a.
26
Let b = -2 + 7. Suppose -b*v + 5*h + 45 = 0, 4*h = 2*v - 4 - 12. Let x = 83 + -54. What is the remainder when x is divided by v?
9
What is the remainder when (816/(-18))/2*-3 is divided by 18?
14
Suppose -3*g + 687 = 5*w + 254, -2*w = g - 173. What is the remainder when w is divided by 15?
11
Suppose -g - 2*o + 4*o + 2 = 0, o - 4 = -2*g. Let a = 45 + 18. Suppose -g*w = -4*d - 0*w + 146, w - a = -2*d. What is the remainder when d is divided by 12?
10
Suppose 10 = 4*u - 190. What is the remainder when u is divided by 9?
5
What is the remainder when (33426/108)/((-1)/(-4)) is divided by 59?
58
Let f be (-18)/(-10)*(-90)/(-27). Suppose d = -d + f. Suppose x + 187 = d*s, -2*x + 330 = 2*s + 3*s. Calculate the remainder when s is divided by 13.
12
Let a = 2239 - 2193. Calculate the remainder when 156 is divided by a.
18
What is the remainder when 32 is divided by 3*((-2)/1 - 450/(-54))?
13
Suppose 7*l + 83 = t + 9*l, 5*t + 5*l - 405 = 0. What is the remainder when t is divided by 41?
38
Suppose -2*i + i = -12. Let n = 170 - 137. Calculate the remainder when n is divided by i.
9
Suppose -5*p = -287 - 8. Let z be (-159)/((-20)/8 - -1). Suppose 8*n - z - 14 = 0. What is the remainder when p is divided by n?
14
Suppose 0 = 4*p - 43*c + 46*c - 93, -4*p - c + 95 = 0. What is the remainder when 30 is divided by p?
6
Suppose -5*f = -18 - 37. Let a = f - 7. Suppose -3*s + 2 = -c, -a*s + 2*s + 10 = 0. Calculate the remainder when 38 is divided by c.
12
Let i = -293 + 320. What is the remainder when 47 is divided by i?
20
Suppose 4*y = 3*l - 365, 4*y = -0 + 4. Calculate the remainder when l is divided by 70.
53
Suppose -369 = 618*i - 627*i. Calculate the remainder when i is divided by 12.
5
Suppose 0 = -6*x + 3*x + 6. Suppose s - 2*s + 58 = 5*f, -5*s + 3*f + 234 = 0. What is the remainder when s is divided by x*5*(3 - 2)?
8
What is the remainder when 4182/54 - (-12)/(-27) is divided by 4?
1
Calculate the remainder when 43 is divided by (5 - (-192)/28) + (-4)/(-28).
7
Let b be ((-2)/(-4))/(1/6). Let c(g) = -g + 5 + 2*g**2 + 0*g + 11*g**b - 10*g**3. What is the remainder when c(4) is divided by 25?
22
Suppose -592*s + 1860 = -580*s. Calculate the remainder when s is divided by 36.
11
Let l(f) = f + 6. Calculate the remainder when (8*1)/(1 - 0/(-1)) is divided by l(-3).
2
Let d(j) = -j**3 - 21*j**2 - 36*j + 15. Let a be d(-19). Let q = a - -25. Calculate the remainder when 12 is divided by q.
0
Let o = -10 + 10. Suppose 0*n = 2*s - 3*n - 46, n = o. Suppose c - 24 = 4*h, -c + 2*h = 5*h + 4. Calculate the remainder when s is divided by c.
7
Let j(b) = 7*b - 8. Let r be 44/10 - 15/(-25). Let m be j(r). Suppose 3*d = -s + 8 + 8, -4*s - m = -d. Calculate the remainder when 26 is divided by d.
5
Let h = -1844 - -2155. What is the remainder when h is divided by 78?
77
Let m = -10630 + 10638. What is the remainder when 106/6 - 1/(-3) is divided by m?
2
Let j = -164 + 84. Let k = 118 + j. What is the remainder when 149 is divided by k?
35
Suppose 3 = -5*f - 87. Let c = f + 51. What is the remainder when 162 is divided by c?
30
Suppose -3*u - 81 = -4*q, -3*q - 4*u = 2*q - 78. Suppose -r - 43 = -2*s, 2*s - 3*r = q + 15. What is the remainder when s is divided by (0 + 1/2)*18?
6
Suppose -y + 4*r + 1 - 5 = 0, 3*y = 5*r + 2. Calculate the remainder when y/1 - (4 - 116) is divided by 30.
26
Suppose 0 = l + 9 - 25. Let h(i) = -11*i + 19 - 11 + i**2 + 9. What is the remainder when h(12) is divided by l?
13
Suppose 2*i - 88 = 4*k - 0*k, 2*i + 3*k - 60 = 0. Calculate the remainder when 2764/i - (-2)/9 is divided by 4*3*(-15)/(-9).
17
Let t(i) = 3*i**2 - 4*i + 5. Let l be t(1). What is the remainder when 5 - 1 - (l - 2)*-11 is divided by 6?
2
Let f(m) = 18*m - 16. Let w be f(6). Suppose -w*t = -89*t - 81. What is the remainder when 132 is divided by t?
24
Let n(g) = 9 - 2*g**2 + 17*g**2 + 0*g**2 - 2*g + g**3 - 18. What is the remainder when 80 is divided by n(-15)?
17
Suppose -5*q - 4*l + 145 = l, l = 4*q - 101. Suppose -12*w + 6*w - 192 = 0. What is the remainder when q is divided by (-142)/(-16) - 4/w?
8
Let t = 4 - 4. Suppose t = 3*n - 124 + 19. What is the remainder when 138 is divided by n?
33
Let o(d) = 2*d**3 - 6*d**2 + 14*d - 48. Calculate the remainder when 197 is divided by o(4).
37
Suppose -21*j + 1204 = -25*j. Let r = -210 - j. Calculate the remainder when r is divided by 24.
19
Let z be 4/(-32)*-4*26 + -2. Let k = 15 + z. Calculate the remainder when k is divided by 15.
11
Let z be (2844/(-12))/(-1 + 0). Suppose 6 - z = -7*j. What is the remainder when 98 is divided by j?
32
Let v = 14 + -4. Suppose -q - 5*u = -22, 2*u = -0*q - q + 10. Suppose -l + q*l - 6 = 0. Calculate the remainder when v is divided by l.
4
Let x = 37 + -28. Let a = -1 + x. What is the remainder when 21 is divided by a?
5
Let o be ((-10)/6)/(2/12). Let w = 9 + o. What is the remainder when 2 + w - (-17)/1 is divided by 5?
3
Suppose -2*w = 6 - 36. Suppose w = -5*y + 5. Calculate the remainder when 41 is divided by y*4/(-2) + 18.
19
Let g(m) = -m**3 + 28*m**2 - m + 39. Let w(d) = 30*d**2. Calculate the remainder when w(-1) is divided by g(28).
8
Let g(c) = -20*c - 6. Let w(b) = b + 34. Calculate the remainder when g(-2) is divided by w(-15).
15
Suppose -r + 14 = 19*p - 18*p, 3*r - 3*p = 72. Calculate the remainder when r is divided by 11.
8
Let s(a) = a - 12. Let h be s(15). Suppose 5*q - 32 = -h*q. Suppose q*c = 155 - 23. What is the remainder when c is divided by 18?
15
Let y(x) = 6*x**2 - 5*x. What is the remainder when y(2) is divided by 12?
2
Let k(h) = -h**2 + 3*h + 10. Let f be k(0). Let w = -1 + f. Calculate the remainder when 15 is divided by w.
6
Let p be 3/(-3) - (2 - 8). Suppose -14 = -7*d + p*d. Calculate the remainder when (2/(-5))/((-1)/40) is divided by d.
2
Suppose 0 = -d + 4*d + 51. Let n = d - -33. Let p(w) = 12*w + 3. What is the remainder when p(5) is divided by n?
15
Let q = -834 + 2631. Calculate the remainder when q is divided by 29.
28
Let s(f) = 2*f**2 - 5*f - 6. Let i = 3 + -29. What is the remainder when s(-4) is divided by 924/78 - 4/i?
10
Suppose -29*v + 30*v = 309. Suppose 70*l - v = 67*l. Calculate the remainder when l is divided by 21.
19
Let h = -10 + 33. Suppose 5*o + t - 10 = 0, o - 5*t + t = h. Suppose o*b - 38 = b. What is the remainder when 36 is divided by b?
17
Suppose -16*t + 171 = 3*t. Calculate the remainder when 26 is divided by t.
8
Let q = 76 + 80. Calculate the remainder when q is divided by 80.
76
Let x = 31 + -26. Suppose -5*q - 4*s = -122, -x*q + 0*s + 124 = 3*s. What is the remainder when q is divided by 7?
5
Let w = 6 + 26. Suppose 4*u = 3*u - 25. What is the remainder when w is divided by (-5)/(u/45) - 0?
5
Let a(o) = -14*o - 241. Calculate the remainder when a(-47) is divided by 14.
11
Suppose -17*g = -19*g + 4. Suppose -7*q = -4*x - g*q + 32, -2*x + 10 = -4*q. What is the remainder when 24 is divided by x?
11
Let y(a) = -a**2 + 7. Let z be y(6). Let t = 49 + z. What is the remainder when 51 is divided by t?
11
Suppose -2*m - 3*v + 2229 = 0, 3*m - 80*v + 82*v - 3351 = 0. What is the remainder when m is divided by 112?
111
Let m